e the remainder when 611 is divided by 25.
11
Calculate the remainder when 470 is divided by 118.
116
Calculate the remainder when 663 is divided by 62.
43
Calculate the remainder when 306 is divided by 12.
6
What is the remainder when 325 is divided by 120?
85
What is the remainder when 103 is divided by 15?
13
What is the remainder when 260 is divided by 35?
15
Calculate the remainder when 3288 is divided by 18.
12
Calculate the remainder when 102 is divided by 30.
12
Calculate the remainder when 70 is divided by 60.
10
What is the remainder when 2276 is divided by 9?
8
What is the remainder when 57 is divided by 29?
28
Calculate the remainder when 14273 is divided by 117.
116
Calculate the remainder when 65 is divided by 36.
29
What is the remainder when 942 is divided by 89?
52
Calculate the remainder when 897 is divided by 290.
27
What is the remainder when 81 is divided by 22?
15
What is the remainder when 154 is divided by 31?
30
What is the remainder when 20847 is divided by 139?
136
What is the remainder when 79 is divided by 71?
8
What is the remainder when 142 is divided by 54?
34
Calculate the remainder when 1717 is divided by 192.
181
Calculate the remainder when 115 is divided by 25.
15
Calculate the remainder when 198 is divided by 46.
14
Calculate the remainder when 7281 is divided by 1817.
13
Calculate the remainder when 2091 is divided by 429.
375
What is the remainder when 1059 is divided by 177?
174
What is the remainder when 40 is divided by 8?
0
What is the remainder when 768 is divided by 261?
246
What is the remainder when 91 is divided by 31?
29
What is the remainder when 53 is divided by 10?
3
Calculate the remainder when 238 is divided by 81.
76
Calculate the remainder when 972 is divided by 65.
62
What is the remainder when 236 is divided by 34?
32
What is the remainder when 551 is divided by 174?
29
What is the remainder when 1088 is divided by 50?
38
Calculate the remainder when 9 is divided by 3.
0
What is the remainder when 25 is divided by 2?
1
What is the remainder when 56 is divided by 19?
18
Calculate the remainder when 107 is divided by 25.
7
Calculate the remainder when 145 is divided by 4.
1
What is the remainder when 134 is divided by 85?
49
Calculate the remainder when 1480 is divided by 212.
208
Calculate the remainder when 419 is divided by 403.
16
What is the remainder when 32703 is divided by 14?
13
What is the remainder when 176 is divided by 78?
20
What is the remainder when 1944 is divided by 33?
30
Calculate the remainder when 179 is divided by 47.
38
Calculate the remainder when 25749 is divided by 74.
71
What is the remainder when 254 is divided by 53?
42
Calculate the remainder when 23244 is divided by 394.
392
Calculate the remainder when 1013 is divided by 35.
33
What is the remainder when 164 is divided by 91?
73
Calculate the remainder when 130 is divided by 22.
20
What is the remainder when 85 is divided by 14?
1
Calculate the remainder when 80 is divided by 41.
39
What is the remainder when 363 is divided by 69?
18
Calculate the remainder when 100 is divided by 38.
24
What is the remainder when 1125 is divided by 271?
41
Calculate the remainder when 221 is divided by 25.
21
What is the remainder when 16 is divided by 3?
1
Calculate the remainder when 158 is divided by 27.
23
Calculate the remainder when 519 is divided by 13.
12
What is the remainder when 59 is divided by 27?
5
Calculate the remainder when 653 is divided by 75.
53
Calculate the remainder when 12191 is divided by 16.
15
Calculate the remainder when 17 is divided by 4.
1
Calculate the remainder when 161 is divided by 37.
13
What is the remainder when 1931 is divided by 121?
116
What is the remainder when 12 is divided by 12?
0
What is the remainder when 322 is divided by 17?
16
Calculate the remainder when 1219 is divided by 94.
91
What is the remainder when 2155 is divided by 16?
11
What is the remainder when 1695 is divided by 216?
183
Calculate the remainder when 81 is divided by 20.
1
What is the remainder when 39 is divided by 10?
9
Calculate the remainder when 203 is divided by 71.
61
Calculate the remainder when 796 is divided by 47.
44
Calculate the remainder when 106 is divided by 49.
8
What is the remainder when 1015 is divided by 112?
7
Calculate the remainder when 82 is divided by 61.
21
Calculate the remainder when 36 is divided by 8.
4
What is the remainder when 2138 is divided by 112?
10
Calculate the remainder when 3524 is divided by 168.
164
What is the remainder when 657 is divided by 25?
7
Calculate the remainder when 616 is divided by 125.
116
Calculate the remainder when 278 is divided by 14.
12
Calculate the remainder when 833 is divided by 39.
14
What is the remainder when 2650 is divided by 24?
10
Calculate the remainder when 444 is divided by 45.
39
Calculate the remainder when 214 is divided by 26.
6
What is the remainder when 462 is divided by 229?
4
What is the remainder when 35 is divided by 13?
9
What is the remainder when 138 is divided by 14?
12
Calculate the remainder when 935 is divided by 36.
35
What is the remainder when 509 is divided by 12?
5
Calculate the remainder when 5451 is divided by 5438.
13
What is the remainder when 3333 is divided by 334?
327
What is the remainder when 1405 is divided by 56?
5
What is the remainder when 527 is divided by 16?
15
What is the remainder when 715 is divided by 183?
166
What is the remainder when 5036 is divided by 4?
0
Calculate the remainder when 367 is divided by 53.
49
Calculate the remainder when 16829 is divided by 181.
177
What is the remainder when 180 is divided by 81?
18
Calculate the remainder when 181 is divided by 37.
33
What is the remainder when 790 is divided by 72?
70
What is the remainder when 651 is divided by 10?
1
Calculate the remainder when 118 is divided by 18.
10
Calculate the remainder when 66 is divided by 41.
25
Calculate the remainder when 91 is divided by 18.
1
What is the remainder when 452 is divided by 44?
12
Calculate the remainder when 121 is divided by 65.
56
Calculate the remainder when 1775 is divided by 6.
5
Calculate the remainder when 25368 is divided by 59.
57
Calculate the remainder when 2293 is divided by 45.
43
What is the remainder when 493 is divided by 55?
53
What is the remainder when 58 is divided by 15?
13
Calculate the remainder when 8756 is divided by 19.
16
What is the remainder when 7538 is divided by 222?
212
Calculate the remainder when 379 is divided by 39.
28
Calculate the remainder when 339 is divided by 143.
53
Calculate the remainder when 273 is divided by 100.
73
Calculate the remainder when 70 is divided by 28.
14
Calculate the remainder when 350 is divided by 117.
116
Calculate the remainder when 12583 is divided by 14.
11
What is the remainder when 12058 is divided by 18?
16
What is the remainder when 129 is divided by 99?
30
Calculate the remainder when 443 is divided by 87.
8
What is the remainder when 10270 is divided by 11?
7
Calculate the remainder when 165 is divided by 53.
6
Calculate the remainder when 9316 is divided by 2327.
8
Calculate the remainder when 189 is divided by 46.
5
Calculate the remainder when 4015 is divided by 16.
15
What is the remainder when 12994 is divided by 97?
93
Calculate the remainder when 60 is divided by 9.
6
Calculate the remainder when 429 is divided by 12.
9
What is the remainder when 996 is divided by 928?
68
What is the remainder when 304 is divided by 80?
64
What is the remainder when 365 is divided by 88?
13
Calculate the remainder when 396 is divided by 50.
46
Calculate the remainder when 241 is divided by 82.
77
Calculate the remainder when 328 is divided by 78.
16
What is the remainder when 3429 is divided by 17?
12
Calculate the remainder when 255 is divided by 43.
40
Calculate the remainder when 602 is divided by 9.
8
What is the remainder when 112 is divided by 13?
8
Calculate the remainder when 610 is divided by 97.
28
Calculate the remainder when 3601 is divided by 53.
50
Calculate the remainder when 2842 is divided by 316.
314
Calculate the remainder when 4799 is divided by 20.
19
What is the remainder when 7314 is divided by 3651?
12
Calculate the remainder when 726 is divided by 118.
18
Calculate the remainder when 75 is div